What are the prime factors of 191421?
3, 21269
List the prime factors of 4314591.
3, 29, 61, 271
List the prime factors of 239521.
239521
What are the prime factors of 280004?
2, 70001
List the prime factors of 989429.
7, 107, 1321
List the prime factors of 3180471.
3, 7, 151451
What are the prime factors of 445253?
31, 53, 271
List the prime factors of 773405.
5, 154681
What are the prime factors of 8676355?
5, 1735271
List the prime factors of 939964.
2, 17, 23, 601
What are the prime factors of 279713?
7, 31, 1289
What are the prime factors of 241725?
3, 5, 11, 293
List the prime factors of 1354376.
2, 79, 2143
List the prime factors of 248515.
5, 23, 2161
What are the prime factors of 5002818?
2, 3, 563, 1481
List the prime factors of 162013.
19, 8527
List the prime factors of 245198.
2, 122599
What are the prime factors of 581188?
2, 31, 43, 109
What are the prime factors of 20117738?
2, 89, 113021
List the prime factors of 537788.
2, 31, 4337
List the prime factors of 505037.
13, 53, 733
What are the prime factors of 4854579?
3, 59, 27427
What are the prime factors of 388629?
3, 29, 1489
List the prime factors of 106980.
2, 3, 5, 1783
What are the prime factors of 4057049?
61, 66509
What are the prime factors of 8317837?
11, 756167
What are the prime factors of 1165136?
2, 7, 101, 103
What are the prime factors of 21618105?
3, 5, 19, 75853
What are the prime factors of 5247286?
2, 11, 21683
List the prime factors of 248057.
248057
List the prime factors of 6877494.
2, 3, 13, 97, 101
What are the prime factors of 7604148?
2, 3, 29, 21851
What are the prime factors of 538468?
2, 7, 19231
List the prime factors of 393157.
393157
List the prime factors of 6969856.
2, 13613
List the prime factors of 23878864.
2, 701, 2129
What are the prime factors of 1045371?
3, 348457
List the prime factors of 103663.
7, 59, 251
What are the prime factors of 1481040?
2, 3, 5, 11, 17
List the prime factors of 155484.
2, 3, 7, 617
What are the prime factors of 224071?
224071
What are the prime factors of 5716713?
3, 491, 3881
List the prime factors of 9558630.
2, 3, 5, 106207
List the prime factors of 4926765.
3, 5, 41, 8011
What are the prime factors of 240559?
11, 19, 1151
List the prime factors of 636127.
617, 1031
List the prime factors of 7197919.
17, 23, 41, 449
List the prime factors of 1039065.
3, 5, 53, 1307
What are the prime factors of 9797831?
17, 443, 1301
What are the prime factors of 3217551?
3, 1072517
What are the prime factors of 474944?
2, 41, 181
List the prime factors of 137385.
3, 5, 43, 71
List the prime factors of 460188.
2, 3, 4261
What are the prime factors of 3426733?
3426733
What are the prime factors of 470475?
3, 5, 17, 41
What are the prime factors of 16211686?
2, 661, 12263
List the prime factors of 8575254.
2, 3, 379, 419
What are the prime factors of 928155?
3, 5, 43, 1439
What are the prime factors of 158603?
199, 797
List the prime factors of 404674.
2, 31, 61, 107
List the prime factors of 6605023.
6605023
List the prime factors of 1029925.
5, 13, 3169
List the prime factors of 815522.
2, 173, 2357
What are the prime factors of 3521039?
41, 157, 547
What are the prime factors of 11660881?
67, 269, 647
List the prime factors of 14312061.
3, 1590229
List the prime factors of 620410.
2, 5, 7, 8863
List the prime factors of 3818095.
5, 763619
List the prime factors of 30727940.
2, 5, 19, 80863
What are the prime factors of 742296?
2, 3, 157, 197
List the prime factors of 298070.
2, 5, 41, 727
List the prime factors of 557167.
13, 42859
List the prime factors of 200823.
3, 7, 73, 131
What are the prime factors of 6928775?
5, 7, 17, 137
List the prime factors of 2839465.
5, 23, 24691
List the prime factors of 2443094.
2, 587, 2081
List the prime factors of 120913.
13, 71, 131
What are the prime factors of 393762?
2, 3, 29, 31, 73
List the prime factors of 10011673.
7, 1430239
List the prime factors of 613938.
2, 3, 13, 17, 463
What are the prime factors of 1443849?
3, 11, 43753
What are the prime factors of 3057608?
2, 229, 1669
List the prime factors of 1026610.
2, 5, 13, 53, 149
What are the prime factors of 235308?
2, 3, 19609
What are the prime factors of 4075992?
2, 3, 56611
What are the prime factors of 17095?
5, 13, 263
List the prime factors of 604319.
604319
What are the prime factors of 1233587?
1233587
List the prime factors of 13576017.
3, 7, 13, 223
What are the prime factors of 120016?
2, 13, 577
What are the prime factors of 2792741?
7, 167, 2389
What are the prime factors of 7299620?
2, 5, 179, 2039
List the prime factors of 6938436.
2, 3, 578203
What are the prime factors of 662785?
5, 71, 1867
What are the prime factors of 1368391?
919, 1489
What are the prime factors of 566115?
3, 5, 11, 47, 73
What are the prime factors of 17278731?
3, 127, 5039
What are the prime factors of 14911571?
14911571
List the prime factors of 1795120.
2, 5, 19, 1181
List the prime factors of 861129.
3, 163, 587
What are the prime factors of 8131147?
8131147
What are the prime factors of 450457?
7, 29, 317
What are the prime factors of 12617638?
2, 11, 17, 3067
List the prime factors of 379122.
2, 3, 179, 353
What are the prime factors of 3484309?
1033, 3373
What are the prime factors of 594086?
2, 139, 2137
What are the prime factors of 296144?
2, 83, 223
List the prime factors of 608495.
5, 131, 929
List the prime factors of 14504232.
2, 3, 604343
List the prime factors of 8336498.
2, 181, 23029
What are the prime factors of 583934?
2, 13, 37, 607
What are the prime factors of 392313?
3, 251, 521
List the prime factors of 2383881.
3, 23, 34549
What are the prime factors of 6186622?
2, 13, 37, 59, 109
List the prime factors of 6432381.
3, 229, 3121
List the prime factors of 486318.
2, 3, 7, 11579
List the prime factors of 452372.
2, 113093
List the prime factors of 282297.
3, 94099
What are the prime factors of 371715?
3, 5, 24781
List the prime factors of 608490.
2, 3, 5, 6761
What are the prime factors of 563596?
2, 11, 12809
What are the prime factors of 4949592?
2, 3, 206233
List the prime factors of 1899048.
2, 3, 67, 1181
What are the prime factors of 2068383?
3, 689461
List the prime factors of 7689120.
2, 3, 5, 83, 193
What are the prime factors of 8250279?
3, 149, 18457
What are the prime factors of 944178?
2, 3, 157363
What are the prime factors of 2019235?
5, 431, 937
What are the prime factors of 220201?
17, 12953
List the prime factors of 5744645.
5, 193, 5953
List the prime factors of 3005307.
3, 333923
What are the prime factors of 270520?
2, 5, 6763
List the prime factors of 899358.
2, 3, 149893
List the prime factors of 26739500.
2, 5, 53479
List the prime factors of 2810638.
2, 1405319
What are the prime factors of 329087?
11, 29917
What are the prime factors of 9830804?
2, 317, 7753
List the prime factors of 1895873.
7, 199, 1361
List the prime factors of 168423.
3, 31, 1811
What are the prime factors of 9077928?
2, 3, 29, 13043
What are the prime factors of 9598026?
2, 3, 79, 20249
What are the prime factors of 477558?
2, 3, 43, 617
List the prime factors of 1297976.
2, 89, 1823
List the prime factors of 9702295.
5, 1940459
What are the prime factors of 922051?
13, 19, 3733
List the prime factors of 32874671.
173, 190027
What are the prime factors of 583788?
2, 3, 48649
What are the prime factors of 12546339?
3, 13, 23, 71, 197
List the prime factors of 67847.
13, 17, 307
List the prime factors of 4139.
4139
List the prime factors of 38039.
38039
List the prime factors of 663681.
3, 221227
What are the prime factors of 140078?
2, 70039
What are the prime factors of 6011190?
2, 3, 5, 66791
What are the prime factors of 152640?
2, 3, 5, 53
List the prime factors of 8436020.
2, 5, 421801
What are the prime factors of 137210?
2, 5, 13721
List the prime factors of 1720562.
2, 31, 27751
What are the prime factors of 7083735?
3, 5, 472249
List the prime factors of 601974.
2, 3, 53, 631
List the prime factors of 25750307.
11, 2340937
List the prime factors of 731539.
731539
What are the prime factors of 1489008?
2, 3, 67, 463
What are the prime factors of 371742?
2, 3, 7, 53, 167
List the prime factors of 2056558.
2, 7, 17, 8641
What are the prime factors of 2972125?
5, 13, 31, 59
What are the prime factors of 15284